{"id":10,"date":"2017-08-04T15:21:10","date_gmt":"2017-08-04T15:21:10","guid":{"rendered":"http:\/\/natural-cream.com.ar\/fabrica-de-helados-en-zona-oeste\/?page_id=10"},"modified":"2020-11-06T21:05:40","modified_gmt":"2020-11-06T21:05:40","slug":"sabores-de-heladerias","status":"publish","type":"page","link":"https:\/\/natural-cream.com.ar\/fabrica-de-helados-en-zona-oeste\/sabores-de-heladerias\/","title":{"rendered":"Nuestros Sabores"},"content":{"rendered":"<table  class=\" table table-hover\" border=\"0\" width=\"650\">\n<tbody>\n<tr>\n<td height=\"220\"><strong>Sherbet<\/strong><br \/>\nAnan\u00e1<br \/>\nFrutilla al Natural<br \/>\nNaranja<br \/>\nDurazno<br \/>\nLim\u00f3n<br \/>\nManzana<\/td>\n<td><strong>Cremas<\/strong><br \/>\nAmericana<br \/>\nCaf\u00e9<br \/>\nDulce de Leche<br \/>\nPistaccio<br \/>\nBanana<br \/>\nCielo<br \/>\nFrutilla<br \/>\nVainilla<\/td>\n<\/tr>\n<tr>\n<td height=\"33\"><\/td>\n<td><\/td>\n<\/tr>\n<tr>\n<td><strong>Especiales:<\/strong><br \/>\nBanana Split<br \/>\nCereza<br \/>\nChocolate<br \/>\nChocolate Blanco<br \/>\nChocolate Nevado<br \/>\nChocolate al Rhum<br \/>\nCrema Granizada<br \/>\nCoco<br \/>\nDulce Granizado<br \/>\nFlan c\/Dulce de leche<br \/>\nFrutilla con frutillas<br \/>\nKinotos al Whisky<br \/>\nMenta Granizada<br \/>\nPasas al Rhum<br \/>\nFrutilla Granizada<br \/>\nCrema Sambay\u00f3n<br \/>\nTiramis\u00fa<br \/>\nMantecol<br \/>\nMarroc<br \/>\nFrutilla a la Reina<br \/>\nSuper Dulce de Leche<br \/>\nChocolate Granizado<br \/>\nBananita Dolca<\/td>\n<td><strong>Extra Especiales<\/strong><br \/>\nChocolate con Nuez<br \/>\nChocolate Bariloche<br \/>\nCrema de Almendras<br \/>\nFerrero Rocher<br \/>\nNutella<br \/>\nFrutos del Bosque<br \/>\nDulce Bomb\u00f3n<br \/>\nDulce con Nuez<br \/>\nMascarpone<br \/>\nOreo<br \/>\nCrema Rusa<br \/>\nRocklets<br \/>\nSelva Negra<br \/>\nTramontana<br \/>\nDulce Tentaci\u00f3n<br \/>\nKinder<br \/>\nAlfajor<br \/>\nFrambuesa<\/td>\n<\/tr>\n<\/tbody>\n<\/table>\n","protected":false},"excerpt":{"rendered":"<p>Sherbet Anan\u00e1 Frutilla al Natural Naranja Durazno Lim\u00f3n Manzana Cremas Americana Caf\u00e9 Dulce de Leche Pistaccio Banana Cielo Frutilla Vainilla Especiales: Banana Split Cereza Chocolate Chocolate Blanco Chocolate Nevado Chocolate al Rhum Crema Granizada Coco Dulce Granizado Flan c\/Dulce de leche Frutilla con frutillas Kinotos al Whisky Menta Granizada Pasas al Rhum Frutilla Granizada Crema [&hellip;]<\/p>\n","protected":false},"author":1,"featured_media":0,"parent":0,"menu_order":0,"comment_status":"closed","ping_status":"closed","template":"","meta":{"footnotes":""},"class_list":["post-10","page","type-page","status-publish","hentry"],"aioseo_notices":[],"_links":{"self":[{"href":"https:\/\/natural-cream.com.ar\/fabrica-de-helados-en-zona-oeste\/wp-json\/wp\/v2\/pages\/10"}],"collection":[{"href":"https:\/\/natural-cream.com.ar\/fabrica-de-helados-en-zona-oeste\/wp-json\/wp\/v2\/pages"}],"about":[{"href":"https:\/\/natural-cream.com.ar\/fabrica-de-helados-en-zona-oeste\/wp-json\/wp\/v2\/types\/page"}],"author":[{"embeddable":true,"href":"https:\/\/natural-cream.com.ar\/fabrica-de-helados-en-zona-oeste\/wp-json\/wp\/v2\/users\/1"}],"replies":[{"embeddable":true,"href":"https:\/\/natural-cream.com.ar\/fabrica-de-helados-en-zona-oeste\/wp-json\/wp\/v2\/comments?post=10"}],"version-history":[{"count":9,"href":"https:\/\/natural-cream.com.ar\/fabrica-de-helados-en-zona-oeste\/wp-json\/wp\/v2\/pages\/10\/revisions"}],"predecessor-version":[{"id":195,"href":"https:\/\/natural-cream.com.ar\/fabrica-de-helados-en-zona-oeste\/wp-json\/wp\/v2\/pages\/10\/revisions\/195"}],"wp:attachment":[{"href":"https:\/\/natural-cream.com.ar\/fabrica-de-helados-en-zona-oeste\/wp-json\/wp\/v2\/media?parent=10"}],"curies":[{"name":"wp","href":"https:\/\/api.w.org\/{rel}","templated":true}]}}